{"id":52,"date":"2025-09-25T09:32:59","date_gmt":"2025-09-25T09:32:59","guid":{"rendered":"https:\/\/fotocollager.dk\/?page_id=52"},"modified":"2025-10-10T15:26:43","modified_gmt":"2025-10-10T15:26:43","slug":"om","status":"publish","type":"page","link":"https:\/\/fotocollager.dk\/?page_id=52","title":{"rendered":"Om"},"content":{"rendered":"\n<div style=\"height:19px\" aria-hidden=\"true\" class=\"wp-block-spacer\"><\/div>\n\n\n\n<p class=\"has-text-align-center has-neve-text-color-color has-text-color has-link-color has-x-large-font-size wp-elements-76aec4d2780a6bfd4ccdac2e1653e1cf\">Om<\/p>\n\n\n\n<div class=\"wp-block-columns is-layout-flex wp-container-core-columns-is-layout-9d6595d7 wp-block-columns-is-layout-flex\">\n<div class=\"wp-block-column is-layout-flow wp-block-column-is-layout-flow\" style=\"flex-basis:15%\"><\/div>\n\n\n\n<div class=\"wp-block-column is-layout-flow wp-block-column-is-layout-flow\" style=\"flex-basis:70%\">\n<p class=\"has-neve-text-color-color has-text-color has-link-color has-medium-font-size wp-elements-f7219632c5cbe2cfdb8dbae96f2e7774\">Jeg boede i sin tid i kvarteret ved Svanem\u00f8llebugten, og min f\u00f8rste inspiration til at tage digitale billeder og bearbejde dem til collager stammer fra en fascination af Svanem\u00f8llev\u00e6rket og nogle gamle kraner. Udstyret med et nyindk\u00f8bt digitalkamera tog jeg i vinteren 2004 p\u00e5 en fotosafari i havnen og &#8220;sk\u00f8d p\u00e5&#8221; alt hvad der inspirerede mig. Derhjemme eksperimenterede jeg med billederne p\u00e5 computeren, og det kom der i f\u00f8rste omgang en serie p\u00e5 8 fotocollager ud af. To af dem ses herunder.<\/p>\n<\/div>\n\n\n\n<div class=\"wp-block-column is-layout-flow wp-block-column-is-layout-flow\" style=\"flex-basis:15%\"><\/div>\n<\/div>\n\n\n\n<div class=\"wp-block-columns is-layout-flex wp-container-core-columns-is-layout-9d6595d7 wp-block-columns-is-layout-flex\">\n<div class=\"wp-block-column is-layout-flow wp-block-column-is-layout-flow\" style=\"flex-basis:15%\"><\/div>\n\n\n\n<div class=\"wp-block-column is-layout-flow wp-block-column-is-layout-flow\" style=\"flex-basis:70%\">\n<div class=\"wp-block-columns is-layout-flex wp-container-core-columns-is-layout-9d6595d7 wp-block-columns-is-layout-flex\">\n<div class=\"wp-block-column is-layout-flow wp-block-column-is-layout-flow\">\n<figure class=\"wp-block-image size-large\"><img loading=\"lazy\" decoding=\"async\" width=\"838\" height=\"1024\" src=\"http:\/\/fotocollager.dk\/wp-content\/uploads\/2025\/10\/Havnen-03-Sort-PP-Hvid-BG-838x1024.jpg\" alt=\"\" class=\"wp-image-389\" srcset=\"https:\/\/fotocollager.dk\/wp-content\/uploads\/2025\/10\/Havnen-03-Sort-PP-Hvid-BG-838x1024.jpg 838w, https:\/\/fotocollager.dk\/wp-content\/uploads\/2025\/10\/Havnen-03-Sort-PP-Hvid-BG-246x300.jpg 246w, https:\/\/fotocollager.dk\/wp-content\/uploads\/2025\/10\/Havnen-03-Sort-PP-Hvid-BG-768x938.jpg 768w, https:\/\/fotocollager.dk\/wp-content\/uploads\/2025\/10\/Havnen-03-Sort-PP-Hvid-BG-1257x1536.jpg 1257w, https:\/\/fotocollager.dk\/wp-content\/uploads\/2025\/10\/Havnen-03-Sort-PP-Hvid-BG-1676x2048.jpg 1676w, https:\/\/fotocollager.dk\/wp-content\/uploads\/2025\/10\/Havnen-03-Sort-PP-Hvid-BG.jpg 1825w\" sizes=\"auto, (max-width: 838px) 100vw, 838px\" \/><\/figure>\n<\/div>\n\n\n\n<div class=\"wp-block-column is-layout-flow wp-block-column-is-layout-flow\">\n<figure class=\"wp-block-image size-large\"><img loading=\"lazy\" decoding=\"async\" width=\"838\" height=\"1024\" src=\"http:\/\/fotocollager.dk\/wp-content\/uploads\/2025\/10\/Havnen-08-Graa-PP-Sort-BG-838x1024.jpg\" alt=\"\" class=\"wp-image-390\" srcset=\"https:\/\/fotocollager.dk\/wp-content\/uploads\/2025\/10\/Havnen-08-Graa-PP-Sort-BG-838x1024.jpg 838w, https:\/\/fotocollager.dk\/wp-content\/uploads\/2025\/10\/Havnen-08-Graa-PP-Sort-BG-246x300.jpg 246w, https:\/\/fotocollager.dk\/wp-content\/uploads\/2025\/10\/Havnen-08-Graa-PP-Sort-BG-768x938.jpg 768w, https:\/\/fotocollager.dk\/wp-content\/uploads\/2025\/10\/Havnen-08-Graa-PP-Sort-BG-1257x1536.jpg 1257w, https:\/\/fotocollager.dk\/wp-content\/uploads\/2025\/10\/Havnen-08-Graa-PP-Sort-BG-1676x2048.jpg 1676w, https:\/\/fotocollager.dk\/wp-content\/uploads\/2025\/10\/Havnen-08-Graa-PP-Sort-BG.jpg 1825w\" sizes=\"auto, (max-width: 838px) 100vw, 838px\" \/><\/figure>\n<\/div>\n<\/div>\n<\/div>\n\n\n\n<div class=\"wp-block-column is-layout-flow wp-block-column-is-layout-flow\" style=\"flex-basis:15%\"><\/div>\n<\/div>\n\n\n\n<div class=\"wp-block-columns is-layout-flex wp-container-core-columns-is-layout-9d6595d7 wp-block-columns-is-layout-flex\">\n<div class=\"wp-block-column is-layout-flow wp-block-column-is-layout-flow\" style=\"flex-basis:15%\"><\/div>\n\n\n\n<div class=\"wp-block-column is-layout-flow wp-block-column-is-layout-flow\" style=\"flex-basis:70%\">\n<p class=\"has-neve-text-color-color has-text-color has-link-color has-medium-font-size wp-elements-ce18a4028cf7462448e936b106a03f33\">Jeg begyndte at vise collagerne frem til naboer og venner og lavede et lille galleri i k\u00e6lderen. Hen ad vejen fik jeg id\u00e9er til nye motiver i collagerne, og holdt flere udstillinger i k\u00e6lderen. Jeg fik ogs\u00e5 mulighed for at h\u00e6nge collager op hos en tandl\u00e6ge i nabolaget, et gymnasium og flere firmaer. Noget salg kom der ogs\u00e5 ud af det :-).<\/p>\n<\/div>\n\n\n\n<div class=\"wp-block-column is-layout-flow wp-block-column-is-layout-flow\" style=\"flex-basis:15%\"><\/div>\n<\/div>\n\n\n\n<div class=\"wp-block-columns is-layout-flex wp-container-core-columns-is-layout-9d6595d7 wp-block-columns-is-layout-flex\">\n<div class=\"wp-block-column is-layout-flow wp-block-column-is-layout-flow\" style=\"flex-basis:15%\"><\/div>\n\n\n\n<div class=\"wp-block-column is-layout-flow wp-block-column-is-layout-flow\" style=\"flex-basis:70%\">\n<div class=\"wp-block-columns is-layout-flex wp-container-core-columns-is-layout-9d6595d7 wp-block-columns-is-layout-flex\">\n<div class=\"wp-block-column is-layout-flow wp-block-column-is-layout-flow\">\n<p class=\"has-neve-text-color-color has-text-color has-link-color has-medium-font-size wp-elements-32674896a6a65a4ad4d223fe09473f4a\">I september 2007 udstillede jeg en r\u00e6kke collager i kantinen hos Movia. P\u00e5 billedet fornemmes engagementet ved oph\u00e6ngningen.<\/p>\n<\/div>\n\n\n\n<div class=\"wp-block-column is-layout-flow wp-block-column-is-layout-flow\">\n<figure class=\"wp-block-image size-large\"><img loading=\"lazy\" decoding=\"async\" width=\"1024\" height=\"768\" src=\"http:\/\/fotocollager.dk\/wp-content\/uploads\/2025\/10\/IMG_0626-1024x768.jpg\" alt=\"\" class=\"wp-image-391\" srcset=\"https:\/\/fotocollager.dk\/wp-content\/uploads\/2025\/10\/IMG_0626-1024x768.jpg 1024w, https:\/\/fotocollager.dk\/wp-content\/uploads\/2025\/10\/IMG_0626-300x225.jpg 300w, https:\/\/fotocollager.dk\/wp-content\/uploads\/2025\/10\/IMG_0626-768x576.jpg 768w, https:\/\/fotocollager.dk\/wp-content\/uploads\/2025\/10\/IMG_0626-1536x1152.jpg 1536w, https:\/\/fotocollager.dk\/wp-content\/uploads\/2025\/10\/IMG_0626-2048x1536.jpg 2048w\" sizes=\"auto, (max-width: 1024px) 100vw, 1024px\" \/><\/figure>\n<\/div>\n<\/div>\n<\/div>\n\n\n\n<div class=\"wp-block-column is-layout-flow wp-block-column-is-layout-flow\" style=\"flex-basis:15%\"><\/div>\n<\/div>\n\n\n\n<div class=\"wp-block-columns is-layout-flex wp-container-core-columns-is-layout-9d6595d7 wp-block-columns-is-layout-flex\">\n<div class=\"wp-block-column is-layout-flow wp-block-column-is-layout-flow\" style=\"flex-basis:15%\"><\/div>\n\n\n\n<div class=\"wp-block-column is-layout-flow wp-block-column-is-layout-flow\" style=\"flex-basis:70%\">\n<div class=\"wp-block-columns is-layout-flex wp-container-core-columns-is-layout-9d6595d7 wp-block-columns-is-layout-flex\">\n<div class=\"wp-block-column is-layout-flow wp-block-column-is-layout-flow\">\n<p class=\"has-neve-text-color-color has-text-color has-link-color has-medium-font-size wp-elements-487bd361efa76afb239be18009df8830\">I juni 2007 fik jeg muligheden for at bes\u00f8ge en grisefarm, hvor jeg tog en r\u00e6kke billeder. Vores mangetydige forhold til grise inspirerede mig, og collagerne indeholder b\u00e5de sm\u00e5 nuttede pattegrise og store beskidte svin samt noget derimellem :-).<\/p>\n\n\n\n<p class=\"has-neve-text-color-color has-text-color has-link-color has-medium-font-size wp-elements-0cbb45fd83315871ed0f32675f0b255a\">Her ses et billede fra ferniseringen i marts 2008.<\/p>\n<\/div>\n\n\n\n<div class=\"wp-block-column is-layout-flow wp-block-column-is-layout-flow\"><div class=\"wp-block-image\">\n<figure class=\"aligncenter size-large\"><img loading=\"lazy\" decoding=\"async\" width=\"1024\" height=\"768\" src=\"http:\/\/fotocollager.dk\/wp-content\/uploads\/2025\/10\/IMG_0722-1024x768.jpg\" alt=\"\" class=\"wp-image-393\" srcset=\"https:\/\/fotocollager.dk\/wp-content\/uploads\/2025\/10\/IMG_0722-1024x768.jpg 1024w, https:\/\/fotocollager.dk\/wp-content\/uploads\/2025\/10\/IMG_0722-300x225.jpg 300w, https:\/\/fotocollager.dk\/wp-content\/uploads\/2025\/10\/IMG_0722-768x576.jpg 768w, https:\/\/fotocollager.dk\/wp-content\/uploads\/2025\/10\/IMG_0722-1536x1152.jpg 1536w, https:\/\/fotocollager.dk\/wp-content\/uploads\/2025\/10\/IMG_0722-2048x1536.jpg 2048w\" sizes=\"auto, (max-width: 1024px) 100vw, 1024px\" \/><\/figure><\/div><\/div>\n<\/div>\n<\/div>\n\n\n\n<div class=\"wp-block-column is-layout-flow wp-block-column-is-layout-flow\" style=\"flex-basis:15%\"><\/div>\n<\/div>\n\n\n\n<div class=\"wp-block-columns is-layout-flex wp-container-core-columns-is-layout-9d6595d7 wp-block-columns-is-layout-flex\">\n<div class=\"wp-block-column is-layout-flow wp-block-column-is-layout-flow\" style=\"flex-basis:15%\"><\/div>\n\n\n\n<div class=\"wp-block-column is-layout-flow wp-block-column-is-layout-flow\" style=\"flex-basis:70%\">\n<p class=\"has-neve-text-color-color has-text-color has-link-color has-medium-font-size wp-elements-0cf1aafb3d485610065eeaf1fc2c5f49\">I 2008 blev min interesse for collager overtaget af andre kreative aktiviteter, prim\u00e6rt musik, og der var ogs\u00e5 et job, der skulle passes :-).<\/p>\n\n\n\n<p class=\"has-neve-text-color-color has-text-color has-link-color has-medium-font-size wp-elements-b9f01eae3d057dec8babd19adc8ed498\">I 2015 trak jeg mig tilbage fra erhvervslivet og t\u00e6nkte, at de kreative aktiviteter fremover skulle fylde en v\u00e6sentlig del af mit liv, og det har de ogs\u00e5 gjort.<\/p>\n\n\n\n<p class=\"has-neve-text-color-color has-text-color has-link-color has-medium-font-size wp-elements-af1eaba8cd01f515967bef620145a55d\">I hele perioden indtil nu, har jeg j\u00e6vnligt arbejdet med at tage fotos og arbejde med dem i PhotoShop, men uden at der kom noget s\u00e6rligt ud af det. I 2019 var min kone og jeg p\u00e5 en rejse til F\u00e6r\u00f8erne og i 2024 bes\u00f8gte vi Island. Bes\u00f8gene gav startskuddet til nye serier af fotocollager. L\u00e6s mere om det og se collagerne under menupunkt \u201cV\u00e6rker\u201d.&nbsp;<\/p>\n<\/div>\n\n\n\n<div class=\"wp-block-column is-layout-flow wp-block-column-is-layout-flow\" style=\"flex-basis:15%\"><\/div>\n<\/div>\n\n\n\n<p><\/p>\n","protected":false},"excerpt":{"rendered":"<p>Om Jeg boede i sin tid i kvarteret ved Svanem\u00f8llebugten, og min f\u00f8rste inspiration til at tage digitale billeder og bearbejde dem til collager stammer fra en fascination af Svanem\u00f8llev\u00e6rket og nogle gamle kraner. Udstyret med et nyindk\u00f8bt digitalkamera tog jeg i vinteren 2004 p\u00e5 en fotosafari i havnen og &#8220;sk\u00f8d p\u00e5&#8221; alt hvad der&hellip;&nbsp;<a href=\"https:\/\/fotocollager.dk\/?page_id=52\" rel=\"bookmark\"><span class=\"screen-reader-text\">Om<\/span><\/a><\/p>\n","protected":false},"author":1,"featured_media":0,"parent":0,"menu_order":2,"comment_status":"closed","ping_status":"closed","template":"","meta":{"neve_meta_sidebar":"","neve_meta_container":"","neve_meta_enable_content_width":"on","neve_meta_content_width":100,"neve_meta_title_alignment":"","neve_meta_author_avatar":"","neve_post_elements_order":"","neve_meta_disable_header":"","neve_meta_disable_footer":"","neve_meta_disable_title":"on","footnotes":""},"class_list":["post-52","page","type-page","status-publish","hentry"],"_links":{"self":[{"href":"https:\/\/fotocollager.dk\/index.php?rest_route=\/wp\/v2\/pages\/52","targetHints":{"allow":["GET"]}}],"collection":[{"href":"https:\/\/fotocollager.dk\/index.php?rest_route=\/wp\/v2\/pages"}],"about":[{"href":"https:\/\/fotocollager.dk\/index.php?rest_route=\/wp\/v2\/types\/page"}],"author":[{"embeddable":true,"href":"https:\/\/fotocollager.dk\/index.php?rest_route=\/wp\/v2\/users\/1"}],"replies":[{"embeddable":true,"href":"https:\/\/fotocollager.dk\/index.php?rest_route=%2Fwp%2Fv2%2Fcomments&post=52"}],"version-history":[{"count":8,"href":"https:\/\/fotocollager.dk\/index.php?rest_route=\/wp\/v2\/pages\/52\/revisions"}],"predecessor-version":[{"id":446,"href":"https:\/\/fotocollager.dk\/index.php?rest_route=\/wp\/v2\/pages\/52\/revisions\/446"}],"wp:attachment":[{"href":"https:\/\/fotocollager.dk\/index.php?rest_route=%2Fwp%2Fv2%2Fmedia&parent=52"}],"curies":[{"name":"wp","href":"https:\/\/api.w.org\/{rel}","templated":true}]}}