{"id":53,"date":"2025-09-25T09:32:59","date_gmt":"2025-09-25T09:32:59","guid":{"rendered":"https:\/\/fotocollager.dk\/?page_id=53"},"modified":"2025-10-10T15:31:46","modified_gmt":"2025-10-10T15:31:46","slug":"salg","status":"publish","type":"page","link":"https:\/\/fotocollager.dk\/?page_id=53","title":{"rendered":"Salg"},"content":{"rendered":"\n<div class=\"wp-block-cover alignfull has-custom-content-position is-position-top-center\" style=\"padding-right:0;padding-left:0;min-height:2228px;aspect-ratio:unset;\"><span aria-hidden=\"true\" class=\"wp-block-cover__background has-nv-site-bg-background-color has-background-dim-100 has-background-dim\"><\/span><div class=\"wp-block-cover__inner-container is-layout-flow wp-block-cover-is-layout-flow\">\n<div style=\"height:28px\" aria-hidden=\"true\" class=\"wp-block-spacer\"><\/div>\n\n\n\n<div class=\"wp-block-group\" style=\"padding-right:var(--wp--preset--spacing--30);padding-left:var(--wp--preset--spacing--30)\"><div class=\"wp-block-group__inner-container is-layout-flow wp-block-group-is-layout-flow\">\n<p class=\"has-text-align-center has-neve-text-color-color has-text-color has-link-color has-x-large-font-size wp-elements-da85f1c2801c7769880343eff65792a7\">Salg<\/p>\n<\/div><\/div>\n\n\n\n<div class=\"wp-block-columns is-layout-flex wp-container-core-columns-is-layout-9d6595d7 wp-block-columns-is-layout-flex\">\n<div class=\"wp-block-column is-layout-flow wp-block-column-is-layout-flow\" style=\"flex-basis:15%\"><\/div>\n\n\n\n<div class=\"wp-block-column is-layout-flow wp-block-column-is-layout-flow\" style=\"flex-basis:70%\">\n<p class=\"has-neve-text-color-color has-text-color has-link-color has-medium-font-size wp-elements-755a535c64e47d273748cbfe8c9f1f9e\">Som udgangspunkt skabes collagerne i st\u00f8rrelsen A3+ (32,9 cm x 48,3 cm) og printes p\u00e5 \u201cEpson Premium Semigloss Photo Paper\u201d eller \u201cEpson Velvet Fine Art Paper\u201d. F\u00f8rstn\u00e6vnte har lidt glans mens Fine Art papiret er mat, syrefrit og let b\u00f8lget papir. Et print koster 400 kr.<\/p>\n<\/div>\n\n\n\n<div class=\"wp-block-column is-layout-flow wp-block-column-is-layout-flow\" style=\"flex-basis:15%\"><\/div>\n<\/div>\n\n\n\n<div class=\"wp-block-columns is-layout-flex wp-container-core-columns-is-layout-9d6595d7 wp-block-columns-is-layout-flex\">\n<div class=\"wp-block-column is-layout-flow wp-block-column-is-layout-flow\" style=\"flex-basis:15%\"><\/div>\n\n\n\n<div class=\"wp-block-column is-layout-flow wp-block-column-is-layout-flow\" style=\"flex-basis:70%\">\n<p class=\"has-neve-text-color-color has-text-color has-link-color has-medium-font-size wp-elements-2d6f3bc56169188859b67edc998597fe\">Collagerne kan s\u00e6ttes i en A3+-ramme, og vil g\u00f8re sig fint s\u00e5dan, men man kan ogs\u00e5 v\u00e6lge andre rammest\u00f8rrelser og supplere med en passepartout. Efter aftale kan st\u00f8rrelsen af den printede collage \u00e6ndres, hvis der er behov for det.<\/p>\n<\/div>\n\n\n\n<div class=\"wp-block-column is-layout-flow wp-block-column-is-layout-flow\" style=\"flex-basis:15%\"><\/div>\n<\/div>\n\n\n\n<div class=\"wp-block-columns is-layout-flex wp-container-core-columns-is-layout-9d6595d7 wp-block-columns-is-layout-flex\">\n<div class=\"wp-block-column is-layout-flow wp-block-column-is-layout-flow\" style=\"flex-basis:15%\"><\/div>\n\n\n\n<div class=\"wp-block-column is-layout-flow wp-block-column-is-layout-flow\" style=\"flex-basis:70%\">\n<p class=\"has-neve-text-color-color has-text-color has-link-color has-medium-font-size wp-elements-6b68db5979ba052236bb5a39495d5428\">Herunder skitseres nogle forskellige muligheder for indramning.<\/p>\n<\/div>\n\n\n\n<div class=\"wp-block-column is-layout-flow wp-block-column-is-layout-flow\" style=\"flex-basis:15%\"><\/div>\n<\/div>\n\n\n\n<div class=\"wp-block-columns is-layout-flex wp-container-core-columns-is-layout-9d6595d7 wp-block-columns-is-layout-flex\">\n<div class=\"wp-block-column is-layout-flow wp-block-column-is-layout-flow\" style=\"flex-basis:15%\"><\/div>\n\n\n\n<div class=\"wp-block-column is-layout-flow wp-block-column-is-layout-flow\" style=\"flex-basis:70%\">\n<div class=\"wp-block-columns is-layout-flex wp-container-core-columns-is-layout-9d6595d7 wp-block-columns-is-layout-flex\">\n<div class=\"wp-block-column is-layout-flow wp-block-column-is-layout-flow\">\n<p><\/p>\n\n\n\n<p><\/p>\n\n\n\n<p class=\"has-neve-text-color-color has-text-color has-link-color has-medium-font-size wp-elements-2f089c11508a6fefc4781d07abcd2175\">Her ses en A3+-collage i en A3+-ramme.<\/p>\n<\/div>\n\n\n\n<div class=\"wp-block-column is-layout-flow wp-block-column-is-layout-flow\">\n<figure class=\"wp-block-image size-large\"><img loading=\"lazy\" decoding=\"async\" width=\"1024\" height=\"717\" src=\"http:\/\/fotocollager.dk\/wp-content\/uploads\/2025\/10\/A3-Landscape-10-1024x717.jpg\" alt=\"\" class=\"wp-image-324\" srcset=\"https:\/\/fotocollager.dk\/wp-content\/uploads\/2025\/10\/A3-Landscape-10-1024x717.jpg 1024w, https:\/\/fotocollager.dk\/wp-content\/uploads\/2025\/10\/A3-Landscape-10-300x210.jpg 300w, https:\/\/fotocollager.dk\/wp-content\/uploads\/2025\/10\/A3-Landscape-10-768x538.jpg 768w, https:\/\/fotocollager.dk\/wp-content\/uploads\/2025\/10\/A3-Landscape-10.jpg 1181w\" sizes=\"auto, (max-width: 1024px) 100vw, 1024px\" \/><\/figure>\n<\/div>\n<\/div>\n<\/div>\n\n\n\n<div class=\"wp-block-column is-layout-flow wp-block-column-is-layout-flow\" style=\"flex-basis:15%\"><\/div>\n<\/div>\n\n\n\n<div class=\"wp-block-columns is-layout-flex wp-container-core-columns-is-layout-9d6595d7 wp-block-columns-is-layout-flex\">\n<div class=\"wp-block-column is-layout-flow wp-block-column-is-layout-flow\" style=\"flex-basis:15%\"><\/div>\n\n\n\n<div class=\"wp-block-column is-layout-flow wp-block-column-is-layout-flow\" style=\"flex-basis:70%\">\n<div class=\"wp-block-columns is-layout-flex wp-container-core-columns-is-layout-9d6595d7 wp-block-columns-is-layout-flex\">\n<div class=\"wp-block-column is-layout-flow wp-block-column-is-layout-flow\">\n<p><\/p>\n\n\n\n<p><\/p>\n\n\n\n<p class=\"has-neve-text-color-color has-text-color has-link-color has-medium-font-size wp-elements-7f2d2843e91ff90041f0c1e57c763a9f\">Her ses en A3+-collage i en 50\u00d770 cm ramme med en sort passepartout.<\/p>\n<\/div>\n\n\n\n<div class=\"wp-block-column is-layout-flow wp-block-column-is-layout-flow\">\n<figure class=\"wp-block-image size-large\"><img loading=\"lazy\" decoding=\"async\" width=\"751\" height=\"1024\" src=\"http:\/\/fotocollager.dk\/wp-content\/uploads\/2025\/10\/50x70-Portrait-10-751x1024.jpg\" alt=\"\" class=\"wp-image-323\" srcset=\"https:\/\/fotocollager.dk\/wp-content\/uploads\/2025\/10\/50x70-Portrait-10-751x1024.jpg 751w, https:\/\/fotocollager.dk\/wp-content\/uploads\/2025\/10\/50x70-Portrait-10-220x300.jpg 220w, https:\/\/fotocollager.dk\/wp-content\/uploads\/2025\/10\/50x70-Portrait-10-768x1047.jpg 768w, https:\/\/fotocollager.dk\/wp-content\/uploads\/2025\/10\/50x70-Portrait-10.jpg 866w\" sizes=\"auto, (max-width: 751px) 100vw, 751px\" \/><\/figure>\n<\/div>\n<\/div>\n<\/div>\n\n\n\n<div class=\"wp-block-column is-layout-flow wp-block-column-is-layout-flow\" style=\"flex-basis:15%\"><\/div>\n<\/div>\n\n\n\n<div class=\"wp-block-columns is-layout-flex wp-container-core-columns-is-layout-9d6595d7 wp-block-columns-is-layout-flex\">\n<div class=\"wp-block-column is-layout-flow wp-block-column-is-layout-flow\" style=\"flex-basis:15%\"><\/div>\n\n\n\n<div class=\"wp-block-column is-layout-flow wp-block-column-is-layout-flow\" style=\"flex-basis:70%\">\n<div class=\"wp-block-columns is-layout-flex wp-container-core-columns-is-layout-9d6595d7 wp-block-columns-is-layout-flex\">\n<div class=\"wp-block-column is-layout-flow wp-block-column-is-layout-flow\">\n<p><\/p>\n\n\n\n<p><\/p>\n\n\n\n<p class=\"has-neve-text-color-color has-text-color has-link-color has-medium-font-size wp-elements-46f6a0c23e37b9e80acad90b67375f4c\">Her ses en 30&#215;40 cm collage i en 40&#215;50 cm ramme med en sort passepartout.<\/p>\n<\/div>\n\n\n\n<div class=\"wp-block-column is-layout-flow wp-block-column-is-layout-flow\">\n<figure class=\"wp-block-image size-large\"><img loading=\"lazy\" decoding=\"async\" width=\"1024\" height=\"838\" src=\"http:\/\/fotocollager.dk\/wp-content\/uploads\/2025\/10\/40x50-Landscape-10-1024x838.jpg\" alt=\"\" class=\"wp-image-321\" srcset=\"https:\/\/fotocollager.dk\/wp-content\/uploads\/2025\/10\/40x50-Landscape-10-1024x838.jpg 1024w, https:\/\/fotocollager.dk\/wp-content\/uploads\/2025\/10\/40x50-Landscape-10-300x245.jpg 300w, https:\/\/fotocollager.dk\/wp-content\/uploads\/2025\/10\/40x50-Landscape-10-768x628.jpg 768w, https:\/\/fotocollager.dk\/wp-content\/uploads\/2025\/10\/40x50-Landscape-10.jpg 1181w\" sizes=\"auto, (max-width: 1024px) 100vw, 1024px\" \/><\/figure>\n<\/div>\n<\/div>\n<\/div>\n\n\n\n<div class=\"wp-block-column is-layout-flow wp-block-column-is-layout-flow\" style=\"flex-basis:15%\"><\/div>\n<\/div>\n\n\n\n<div class=\"wp-block-columns is-layout-flex wp-container-core-columns-is-layout-9d6595d7 wp-block-columns-is-layout-flex\">\n<div class=\"wp-block-column is-layout-flow wp-block-column-is-layout-flow\" style=\"flex-basis:15%\"><\/div>\n\n\n\n<div class=\"wp-block-column is-layout-flow wp-block-column-is-layout-flow\" style=\"flex-basis:70%\">\n<div class=\"wp-block-columns is-layout-flex wp-container-core-columns-is-layout-9d6595d7 wp-block-columns-is-layout-flex\">\n<div class=\"wp-block-column is-layout-flow wp-block-column-is-layout-flow\">\n<p><\/p>\n\n\n\n<p><\/p>\n\n\n\n<p class=\"has-neve-text-color-color has-text-color has-link-color has-medium-font-size wp-elements-ce65ace70e0c97945e315c7ad6ae1ccc\">Her ses 2 A3+-collager i en 50&#215;70 cm ramme med en sort passepartout. Collagerne er gjort mindre i Photoshop, s\u00e5 de m\u00e5ler 40 cm i bredden i stedet for 48,3 cm.<\/p>\n<\/div>\n\n\n\n<div class=\"wp-block-column is-layout-flow wp-block-column-is-layout-flow\">\n<figure class=\"wp-block-image size-large\"><img loading=\"lazy\" decoding=\"async\" width=\"751\" height=\"1024\" src=\"http:\/\/fotocollager.dk\/wp-content\/uploads\/2025\/10\/50x70-Portrait-2-Collager-10-751x1024.jpg\" alt=\"\" class=\"wp-image-322\" srcset=\"https:\/\/fotocollager.dk\/wp-content\/uploads\/2025\/10\/50x70-Portrait-2-Collager-10-751x1024.jpg 751w, https:\/\/fotocollager.dk\/wp-content\/uploads\/2025\/10\/50x70-Portrait-2-Collager-10-220x300.jpg 220w, https:\/\/fotocollager.dk\/wp-content\/uploads\/2025\/10\/50x70-Portrait-2-Collager-10-768x1047.jpg 768w, https:\/\/fotocollager.dk\/wp-content\/uploads\/2025\/10\/50x70-Portrait-2-Collager-10.jpg 866w\" sizes=\"auto, (max-width: 751px) 100vw, 751px\" \/><\/figure>\n<\/div>\n<\/div>\n<\/div>\n\n\n\n<div class=\"wp-block-column is-layout-flow wp-block-column-is-layout-flow\" style=\"flex-basis:15%\"><\/div>\n<\/div>\n\n\n\n<div class=\"wp-block-columns is-layout-flex wp-container-core-columns-is-layout-9d6595d7 wp-block-columns-is-layout-flex\">\n<div class=\"wp-block-column is-layout-flow wp-block-column-is-layout-flow\" style=\"flex-basis:25%\"><\/div>\n\n\n\n<div class=\"wp-block-column is-layout-flow wp-block-column-is-layout-flow\" style=\"flex-basis:50%\"><\/div>\n\n\n\n<div class=\"wp-block-column is-layout-flow wp-block-column-is-layout-flow\" style=\"flex-basis:25%\"><\/div>\n<\/div>\n<\/div><\/div>\n\n\n\n<p><\/p>\n","protected":false},"excerpt":{"rendered":"","protected":false},"author":1,"featured_media":0,"parent":0,"menu_order":4,"comment_status":"closed","ping_status":"closed","template":"","meta":{"neve_meta_sidebar":"","neve_meta_container":"","neve_meta_enable_content_width":"on","neve_meta_content_width":100,"neve_meta_title_alignment":"","neve_meta_author_avatar":"","neve_post_elements_order":"","neve_meta_disable_header":"","neve_meta_disable_footer":"","neve_meta_disable_title":"on","footnotes":""},"class_list":["post-53","page","type-page","status-publish","hentry"],"_links":{"self":[{"href":"https:\/\/fotocollager.dk\/index.php?rest_route=\/wp\/v2\/pages\/53","targetHints":{"allow":["GET"]}}],"collection":[{"href":"https:\/\/fotocollager.dk\/index.php?rest_route=\/wp\/v2\/pages"}],"about":[{"href":"https:\/\/fotocollager.dk\/index.php?rest_route=\/wp\/v2\/types\/page"}],"author":[{"embeddable":true,"href":"https:\/\/fotocollager.dk\/index.php?rest_route=\/wp\/v2\/users\/1"}],"replies":[{"embeddable":true,"href":"https:\/\/fotocollager.dk\/index.php?rest_route=%2Fwp%2Fv2%2Fcomments&post=53"}],"version-history":[{"count":23,"href":"https:\/\/fotocollager.dk\/index.php?rest_route=\/wp\/v2\/pages\/53\/revisions"}],"predecessor-version":[{"id":448,"href":"https:\/\/fotocollager.dk\/index.php?rest_route=\/wp\/v2\/pages\/53\/revisions\/448"}],"wp:attachment":[{"href":"https:\/\/fotocollager.dk\/index.php?rest_route=%2Fwp%2Fv2%2Fmedia&parent=53"}],"curies":[{"name":"wp","href":"https:\/\/api.w.org\/{rel}","templated":true}]}}